{"id":54682,"date":"2024-08-15T14:49:20","date_gmt":"2024-08-15T21:49:20","guid":{"rendered":"https:\/\/mcecleanenergy.org\/?post_type=tribe_events&#038;p=54682"},"modified":"2024-08-15T14:52:55","modified_gmt":"2024-08-15T21:52:55","slug":"contra-costa-county-electrification-fair","status":"publish","type":"tribe_events","link":"https:\/\/mcecleanenergy.org\/fr\/event\/contra-costa-county-electrification-fair\/","title":{"rendered":"Foire \u00e0 l'\u00e9lectrification du comt\u00e9 de Contra Costa"},"content":{"rendered":"<p>Plongez dans des pr\u00e9sentations informatives ou discutez avec nos vendeurs, encadr\u00e9s par des gourous de l'\u00e9lectrification, des locaux branch\u00e9s qui ont d\u00e9j\u00e0 fait leurs premiers pas, et des pros de la d\u00e9fense des int\u00e9r\u00eats des organisations \u00e0 but non lucratif et des agences gouvernementales. Que vous soyez novice ou professionnel, nous avons tout ce qu'il vous faut !<\/p>","protected":false},"excerpt":{"rendered":"<p>Dive into informative presentations or chat up our vendors, manned by electrification gurus, switched-on locals who have already taken the first few steps, and advocacy pros from nonprofits and government [&hellip;]<\/p>\n","protected":false},"author":11,"featured_media":54711,"template":"","meta":{"_acf_changed":false,"_searchwp_excluded":"","_tribe_events_status":"","_tribe_events_status_reason":"","_tribe_events_is_hybrid":"","_tribe_events_is_virtual":"","_tribe_events_virtual_video_source":"","_tribe_events_virtual_embed_video":"","_tribe_events_virtual_linked_button_text":"","_tribe_events_virtual_linked_button":"","_tribe_events_virtual_show_embed_at":"","_tribe_events_virtual_show_embed_to":[],"_tribe_events_virtual_show_on_event":"","_tribe_events_virtual_show_on_views":"","_tribe_events_virtual_url":"","footnotes":""},"tags":[867,466,410],"tribe_events_cat":[585],"class_list":["post-54682","tribe_events","type-tribe_events","status-publish","has-post-thumbnail","hentry","tag-elec","tag-electrification","tag-ev-charging","tribe_events_cat-communitycontra-costa","cat_communitycontra-costa"],"acf":[],"yoast_head":"<!-- This site is optimized with the Yoast SEO Premium plugin v27.4 (Yoast SEO v27.4) - https:\/\/yoast.com\/product\/yoast-seo-premium-wordpress\/ -->\n<title>Contra Costa County Electrification Fair - MCE<\/title>\n<meta name=\"robots\" content=\"index, follow, max-snippet:-1, max-image-preview:large, max-video-preview:-1\" \/>\n<link rel=\"canonical\" href=\"https:\/\/mcecleanenergy.org\/fr\/event\/contra-costa-county-electrification-fair\/\" \/>\n<meta property=\"og:locale\" content=\"fr_FR\" \/>\n<meta property=\"og:type\" content=\"article\" \/>\n<meta property=\"og:title\" content=\"Contra Costa County Electrification Fair\" \/>\n<meta property=\"og:description\" content=\"Dive into informative presentations or chat up our vendors, manned by electrification gurus, switched-on locals who have already taken the first few\" \/>\n<meta property=\"og:url\" content=\"https:\/\/mcecleanenergy.org\/fr\/event\/contra-costa-county-electrification-fair\/\" \/>\n<meta property=\"og:site_name\" content=\"MCE \u2013 Community Choice Energy\" \/>\n<meta property=\"article:publisher\" content=\"https:\/\/www.facebook.com\/mceCleanEnergy\/\" \/>\n<meta property=\"article:modified_time\" content=\"2024-08-15T21:52:55+00:00\" \/>\n<meta property=\"og:image\" content=\"https:\/\/mcecleanenergy.org\/wp-content\/uploads\/2024\/08\/https___cdn.evbuc_.com_images_798500479_323935589621_1_original.jpg\" \/>\n\t<meta property=\"og:image:width\" content=\"940\" \/>\n\t<meta property=\"og:image:height\" content=\"470\" \/>\n\t<meta property=\"og:image:type\" content=\"image\/jpeg\" \/>\n<meta name=\"twitter:card\" content=\"summary_large_image\" \/>\n<meta name=\"twitter:site\" content=\"@MCECleanEnergy\" \/>\n<meta name=\"twitter:label1\" content=\"Dur\u00e9e de lecture estim\u00e9e\" \/>\n\t<meta name=\"twitter:data1\" content=\"1 minute\" \/>\n<script type=\"application\/ld+json\" class=\"yoast-schema-graph\">{\"@context\":\"https:\\\/\\\/schema.org\",\"@graph\":[{\"@type\":\"WebPage\",\"@id\":\"https:\\\/\\\/mcecleanenergy.org\\\/event\\\/contra-costa-county-electrification-fair\\\/\",\"url\":\"https:\\\/\\\/mcecleanenergy.org\\\/event\\\/contra-costa-county-electrification-fair\\\/\",\"name\":\"Contra Costa County Electrification Fair - MCE\",\"isPartOf\":{\"@id\":\"https:\\\/\\\/mcecleanenergy.org\\\/#website\"},\"primaryImageOfPage\":{\"@id\":\"https:\\\/\\\/mcecleanenergy.org\\\/event\\\/contra-costa-county-electrification-fair\\\/#primaryimage\"},\"image\":{\"@id\":\"https:\\\/\\\/mcecleanenergy.org\\\/event\\\/contra-costa-county-electrification-fair\\\/#primaryimage\"},\"thumbnailUrl\":\"https:\\\/\\\/mcecleanenergy.org\\\/wp-content\\\/uploads\\\/2024\\\/08\\\/https___cdn.evbuc_.com_images_798500479_323935589621_1_original.jpg\",\"datePublished\":\"2024-08-15T21:49:20+00:00\",\"dateModified\":\"2024-08-15T21:52:55+00:00\",\"breadcrumb\":{\"@id\":\"https:\\\/\\\/mcecleanenergy.org\\\/event\\\/contra-costa-county-electrification-fair\\\/#breadcrumb\"},\"inLanguage\":\"fr-FR\",\"potentialAction\":[{\"@type\":\"ReadAction\",\"target\":[\"https:\\\/\\\/mcecleanenergy.org\\\/event\\\/contra-costa-county-electrification-fair\\\/\"]}]},{\"@type\":\"ImageObject\",\"inLanguage\":\"fr-FR\",\"@id\":\"https:\\\/\\\/mcecleanenergy.org\\\/event\\\/contra-costa-county-electrification-fair\\\/#primaryimage\",\"url\":\"https:\\\/\\\/mcecleanenergy.org\\\/wp-content\\\/uploads\\\/2024\\\/08\\\/https___cdn.evbuc_.com_images_798500479_323935589621_1_original.jpg\",\"contentUrl\":\"https:\\\/\\\/mcecleanenergy.org\\\/wp-content\\\/uploads\\\/2024\\\/08\\\/https___cdn.evbuc_.com_images_798500479_323935589621_1_original.jpg\",\"width\":940,\"height\":470},{\"@type\":\"BreadcrumbList\",\"@id\":\"https:\\\/\\\/mcecleanenergy.org\\\/event\\\/contra-costa-county-electrification-fair\\\/#breadcrumb\",\"itemListElement\":[{\"@type\":\"ListItem\",\"position\":1,\"name\":\"Home\",\"item\":\"https:\\\/\\\/mcecleanenergy.org\\\/\"},{\"@type\":\"ListItem\",\"position\":2,\"name\":\"\u6d3b\u52a8\",\"item\":\"https:\\\/\\\/mcecleanenergy.org\\\/zh\\\/events\\\/\"},{\"@type\":\"ListItem\",\"position\":3,\"name\":\"Contra Costa County Electrification Fair\"}]},{\"@type\":\"WebSite\",\"@id\":\"https:\\\/\\\/mcecleanenergy.org\\\/#website\",\"url\":\"https:\\\/\\\/mcecleanenergy.org\\\/\",\"name\":\"MCE \u2013 Community Choice Energy\",\"description\":\"\",\"publisher\":{\"@id\":\"https:\\\/\\\/mcecleanenergy.org\\\/#organization\"},\"potentialAction\":[{\"@type\":\"SearchAction\",\"target\":{\"@type\":\"EntryPoint\",\"urlTemplate\":\"https:\\\/\\\/mcecleanenergy.org\\\/?s={search_term_string}\"},\"query-input\":{\"@type\":\"PropertyValueSpecification\",\"valueRequired\":true,\"valueName\":\"search_term_string\"}}],\"inLanguage\":\"fr-FR\"},{\"@type\":\"Organization\",\"@id\":\"https:\\\/\\\/mcecleanenergy.org\\\/#organization\",\"name\":\"MCE\",\"url\":\"https:\\\/\\\/mcecleanenergy.org\\\/\",\"logo\":{\"@type\":\"ImageObject\",\"inLanguage\":\"fr-FR\",\"@id\":\"https:\\\/\\\/mcecleanenergy.org\\\/#\\\/schema\\\/logo\\\/image\\\/\",\"url\":\"https:\\\/\\\/mcecleanenergy.org\\\/wp-content\\\/uploads\\\/2024\\\/05\\\/MCE_Logo_Full-Color_RGB_050324.png\",\"contentUrl\":\"https:\\\/\\\/mcecleanenergy.org\\\/wp-content\\\/uploads\\\/2024\\\/05\\\/MCE_Logo_Full-Color_RGB_050324.png\",\"width\":5001,\"height\":2986,\"caption\":\"MCE\"},\"image\":{\"@id\":\"https:\\\/\\\/mcecleanenergy.org\\\/#\\\/schema\\\/logo\\\/image\\\/\"},\"sameAs\":[\"https:\\\/\\\/www.facebook.com\\\/mceCleanEnergy\\\/\",\"https:\\\/\\\/x.com\\\/MCECleanEnergy\",\"https:\\\/\\\/www.instagram.com\\\/mcecleanenergy\\\/\",\"https:\\\/\\\/www.linkedin.com\\\/company\\\/mcecleanenergy\\\/\",\"https:\\\/\\\/www.youtube.com\\\/c\\\/Mcecleanenergy\\\/\",\"https:\\\/\\\/en.wikipedia.org\\\/wiki\\\/Community_Choice_Aggregation#Marin_Clean_Energy\"]}]}<\/script>\n<!-- \/ Yoast SEO Premium plugin. -->","yoast_head_json":{"title":"Contra Costa County Electrification Fair - MCE","robots":{"index":"index","follow":"follow","max-snippet":"max-snippet:-1","max-image-preview":"max-image-preview:large","max-video-preview":"max-video-preview:-1"},"canonical":"https:\/\/mcecleanenergy.org\/fr\/event\/contra-costa-county-electrification-fair\/","og_locale":"fr_FR","og_type":"article","og_title":"Contra Costa County Electrification Fair","og_description":"Dive into informative presentations or chat up our vendors, manned by electrification gurus, switched-on locals who have already taken the first few","og_url":"https:\/\/mcecleanenergy.org\/fr\/event\/contra-costa-county-electrification-fair\/","og_site_name":"MCE \u2013 Community Choice Energy","article_publisher":"https:\/\/www.facebook.com\/mceCleanEnergy\/","article_modified_time":"2024-08-15T21:52:55+00:00","og_image":[{"width":940,"height":470,"url":"https:\/\/mcecleanenergy.org\/wp-content\/uploads\/2024\/08\/https___cdn.evbuc_.com_images_798500479_323935589621_1_original.jpg","type":"image\/jpeg"}],"twitter_card":"summary_large_image","twitter_site":"@MCECleanEnergy","twitter_misc":{"Dur\u00e9e de lecture estim\u00e9e":"1 minute"},"schema":{"@context":"https:\/\/schema.org","@graph":[{"@type":"WebPage","@id":"https:\/\/mcecleanenergy.org\/event\/contra-costa-county-electrification-fair\/","url":"https:\/\/mcecleanenergy.org\/event\/contra-costa-county-electrification-fair\/","name":"Contra Costa County Electrification Fair - MCE","isPartOf":{"@id":"https:\/\/mcecleanenergy.org\/#website"},"primaryImageOfPage":{"@id":"https:\/\/mcecleanenergy.org\/event\/contra-costa-county-electrification-fair\/#primaryimage"},"image":{"@id":"https:\/\/mcecleanenergy.org\/event\/contra-costa-county-electrification-fair\/#primaryimage"},"thumbnailUrl":"https:\/\/mcecleanenergy.org\/wp-content\/uploads\/2024\/08\/https___cdn.evbuc_.com_images_798500479_323935589621_1_original.jpg","datePublished":"2024-08-15T21:49:20+00:00","dateModified":"2024-08-15T21:52:55+00:00","breadcrumb":{"@id":"https:\/\/mcecleanenergy.org\/event\/contra-costa-county-electrification-fair\/#breadcrumb"},"inLanguage":"fr-FR","potentialAction":[{"@type":"ReadAction","target":["https:\/\/mcecleanenergy.org\/event\/contra-costa-county-electrification-fair\/"]}]},{"@type":"ImageObject","inLanguage":"fr-FR","@id":"https:\/\/mcecleanenergy.org\/event\/contra-costa-county-electrification-fair\/#primaryimage","url":"https:\/\/mcecleanenergy.org\/wp-content\/uploads\/2024\/08\/https___cdn.evbuc_.com_images_798500479_323935589621_1_original.jpg","contentUrl":"https:\/\/mcecleanenergy.org\/wp-content\/uploads\/2024\/08\/https___cdn.evbuc_.com_images_798500479_323935589621_1_original.jpg","width":940,"height":470},{"@type":"BreadcrumbList","@id":"https:\/\/mcecleanenergy.org\/event\/contra-costa-county-electrification-fair\/#breadcrumb","itemListElement":[{"@type":"ListItem","position":1,"name":"Home","item":"https:\/\/mcecleanenergy.org\/"},{"@type":"ListItem","position":2,"name":"\u6d3b\u52a8","item":"https:\/\/mcecleanenergy.org\/zh\/events\/"},{"@type":"ListItem","position":3,"name":"Contra Costa County Electrification Fair"}]},{"@type":"WebSite","@id":"https:\/\/mcecleanenergy.org\/#website","url":"https:\/\/mcecleanenergy.org\/","name":"MCE - \u00c9nergie de choix communautaire","description":"","publisher":{"@id":"https:\/\/mcecleanenergy.org\/#organization"},"potentialAction":[{"@type":"SearchAction","target":{"@type":"EntryPoint","urlTemplate":"https:\/\/mcecleanenergy.org\/?s={search_term_string}"},"query-input":{"@type":"PropertyValueSpecification","valueRequired":true,"valueName":"search_term_string"}}],"inLanguage":"fr-FR"},{"@type":"Organization","@id":"https:\/\/mcecleanenergy.org\/#organization","name":"MCE","url":"https:\/\/mcecleanenergy.org\/","logo":{"@type":"ImageObject","inLanguage":"fr-FR","@id":"https:\/\/mcecleanenergy.org\/#\/schema\/logo\/image\/","url":"https:\/\/mcecleanenergy.org\/wp-content\/uploads\/2024\/05\/MCE_Logo_Full-Color_RGB_050324.png","contentUrl":"https:\/\/mcecleanenergy.org\/wp-content\/uploads\/2024\/05\/MCE_Logo_Full-Color_RGB_050324.png","width":5001,"height":2986,"caption":"MCE"},"image":{"@id":"https:\/\/mcecleanenergy.org\/#\/schema\/logo\/image\/"},"sameAs":["https:\/\/www.facebook.com\/mceCleanEnergy\/","https:\/\/x.com\/MCECleanEnergy","https:\/\/www.instagram.com\/mcecleanenergy\/","https:\/\/www.linkedin.com\/company\/mcecleanenergy\/","https:\/\/www.youtube.com\/c\/Mcecleanenergy\/","https:\/\/en.wikipedia.org\/wiki\/Community_Choice_Aggregation#Marin_Clean_Energy"]}]}},"_links":{"self":[{"href":"https:\/\/mcecleanenergy.org\/fr\/wp-json\/wp\/v2\/tribe_events\/54682","targetHints":{"allow":["GET"]}}],"collection":[{"href":"https:\/\/mcecleanenergy.org\/fr\/wp-json\/wp\/v2\/tribe_events"}],"about":[{"href":"https:\/\/mcecleanenergy.org\/fr\/wp-json\/wp\/v2\/types\/tribe_events"}],"author":[{"embeddable":true,"href":"https:\/\/mcecleanenergy.org\/fr\/wp-json\/wp\/v2\/users\/11"}],"version-history":[{"count":0,"href":"https:\/\/mcecleanenergy.org\/fr\/wp-json\/wp\/v2\/tribe_events\/54682\/revisions"}],"wp:featuredmedia":[{"embeddable":true,"href":"https:\/\/mcecleanenergy.org\/fr\/wp-json\/wp\/v2\/media\/54711"}],"wp:attachment":[{"href":"https:\/\/mcecleanenergy.org\/fr\/wp-json\/wp\/v2\/media?parent=54682"}],"wp:term":[{"taxonomy":"post_tag","embeddable":true,"href":"https:\/\/mcecleanenergy.org\/fr\/wp-json\/wp\/v2\/tags?post=54682"},{"taxonomy":"tribe_events_cat","embeddable":true,"href":"https:\/\/mcecleanenergy.org\/fr\/wp-json\/wp\/v2\/tribe_events_cat?post=54682"}],"curies":[{"name":"wp","href":"https:\/\/api.w.org\/{rel}","templated":true}]}}

Foire à l'électrification du comté de Contra Costa

<p>Plongez dans des présentations informatives ou discutez avec nos vendeurs, encadrés par des gourous de l'électrification, des locaux branchés qui ont déjà fait leurs premiers pas, et des pros de la défense des intérêts des organisations à but non lucratif et des agences gouvernementales. Que vous soyez novice ou professionnel, nous avons tout ce qu'il vous faut !</p>

<!-- This site is optimized with the Yoast SEO Premium plugin v27.4 (Yoast SEO v27.4) - https://yoast.com/product/yoast-seo-premium-wordpress/ -->
<title>Contra Costa County Electrification Fair - MCE</title>
<meta name="robots" content="index, follow, max-snippet:-1, max-image-preview:large, max-video-preview:-1" />
<link rel="canonical" href="https://mcecleanenergy.org/fr/event/contra-costa-county-electrification-fair/" />
<meta property="og:locale" content="fr_FR" />
<meta property="og:type" content="article" />
<meta property="og:title" content="Contra Costa County Electrification Fair" />
<meta property="og:description" content="Dive into informative presentations or chat up our vendors, manned by electrification gurus, switched-on locals who have already taken the first few" />
<meta property="og:url" content="https://mcecleanenergy.org/fr/event/contra-costa-county-electrification-fair/" />
<meta property="og:site_name" content="MCE – Community Choice Energy" />
<meta property="article:publisher" content="https://www.facebook.com/mceCleanEnergy/" />
<meta property="article:modified_time" content="2024-08-15T21:52:55+00:00" />
<meta property="og:image" content="https://mcecleanenergy.org/wp-content/uploads/2024/08/https___cdn.evbuc_.com_images_798500479_323935589621_1_original.jpg" />
	<meta property="og:image:width" content="940" />
	<meta property="og:image:height" content="470" />
	<meta property="og:image:type" content="image/jpeg" />
<meta name="twitter:card" content="summary_large_image" />
<meta name="twitter:site" content="@MCECleanEnergy" />
<meta name="twitter:label1" content="Durée de lecture estimée" />
	<meta name="twitter:data1" content="1 minute" />
<script type="application/ld+json" class="yoast-schema-graph">{"@context":"https:\/\/schema.org","@graph":[{"@type":"WebPage","@id":"https:\/\/mcecleanenergy.org\/event\/contra-costa-county-electrification-fair\/","url":"https:\/\/mcecleanenergy.org\/event\/contra-costa-county-electrification-fair\/","name":"Contra Costa County Electrification Fair - MCE","isPartOf":{"@id":"https:\/\/mcecleanenergy.org\/#website"},"primaryImageOfPage":{"@id":"https:\/\/mcecleanenergy.org\/event\/contra-costa-county-electrification-fair\/#primaryimage"},"image":{"@id":"https:\/\/mcecleanenergy.org\/event\/contra-costa-county-electrification-fair\/#primaryimage"},"thumbnailUrl":"https:\/\/mcecleanenergy.org\/wp-content\/uploads\/2024\/08\/https___cdn.evbuc_.com_images_798500479_323935589621_1_original.jpg","datePublished":"2024-08-15T21:49:20+00:00","dateModified":"2024-08-15T21:52:55+00:00","breadcrumb":{"@id":"https:\/\/mcecleanenergy.org\/event\/contra-costa-county-electrification-fair\/#breadcrumb"},"inLanguage":"fr-FR","potentialAction":[{"@type":"ReadAction","target":["https:\/\/mcecleanenergy.org\/event\/contra-costa-county-electrification-fair\/"]}]},{"@type":"ImageObject","inLanguage":"fr-FR","@id":"https:\/\/mcecleanenergy.org\/event\/contra-costa-county-electrification-fair\/#primaryimage","url":"https:\/\/mcecleanenergy.org\/wp-content\/uploads\/2024\/08\/https___cdn.evbuc_.com_images_798500479_323935589621_1_original.jpg","contentUrl":"https:\/\/mcecleanenergy.org\/wp-content\/uploads\/2024\/08\/https___cdn.evbuc_.com_images_798500479_323935589621_1_original.jpg","width":940,"height":470},{"@type":"BreadcrumbList","@id":"https:\/\/mcecleanenergy.org\/event\/contra-costa-county-electrification-fair\/#breadcrumb","itemListElement":[{"@type":"ListItem","position":1,"name":"Home","item":"https:\/\/mcecleanenergy.org\/"},{"@type":"ListItem","position":2,"name":"活动","item":"https:\/\/mcecleanenergy.org\/zh\/events\/"},{"@type":"ListItem","position":3,"name":"Contra Costa County Electrification Fair"}]},{"@type":"WebSite","@id":"https:\/\/mcecleanenergy.org\/#website","url":"https:\/\/mcecleanenergy.org\/","name":"MCE – Community Choice Energy","description":"","publisher":{"@id":"https:\/\/mcecleanenergy.org\/#organization"},"potentialAction":[{"@type":"SearchAction","target":{"@type":"EntryPoint","urlTemplate":"https:\/\/mcecleanenergy.org\/?s={search_term_string}"},"query-input":{"@type":"PropertyValueSpecification","valueRequired":true,"valueName":"search_term_string"}}],"inLanguage":"fr-FR"},{"@type":"Organization","@id":"https:\/\/mcecleanenergy.org\/#organization","name":"MCE","url":"https:\/\/mcecleanenergy.org\/","logo":{"@type":"ImageObject","inLanguage":"fr-FR","@id":"https:\/\/mcecleanenergy.org\/#\/schema\/logo\/image\/","url":"https:\/\/mcecleanenergy.org\/wp-content\/uploads\/2024\/05\/MCE_Logo_Full-Color_RGB_050324.png","contentUrl":"https:\/\/mcecleanenergy.org\/wp-content\/uploads\/2024\/05\/MCE_Logo_Full-Color_RGB_050324.png","width":5001,"height":2986,"caption":"MCE"},"image":{"@id":"https:\/\/mcecleanenergy.org\/#\/schema\/logo\/image\/"},"sameAs":["https:\/\/www.facebook.com\/mceCleanEnergy\/","https:\/\/x.com\/MCECleanEnergy","https:\/\/www.instagram.com\/mcecleanenergy\/","https:\/\/www.linkedin.com\/company\/mcecleanenergy\/","https:\/\/www.youtube.com\/c\/Mcecleanenergy\/","https:\/\/en.wikipedia.org\/wiki\/Community_Choice_Aggregation#Marin_Clean_Energy"]}]}</script>
<!-- / Yoast SEO Premium plugin. -->

活动

MCE - Énergie de choix communautaire
